 highest common divisor of g and v.
20
Let b = -2897 - -2912. Suppose -3*u = -5*h - 50, 2*u - 32 = 3*h - 0*h. What is the greatest common divisor of b and u?
5
Let o(b) = -28*b + 2. Let q be o(7). Let a = q - -306. Let f be ((-294)/21)/(-2 + 1). What is the greatest common divisor of f and a?
14
Suppose -128 = 3*q + 97. Let y = q + 77. Calculate the highest common factor of 18 and y.
2
Let p = 7 - -427. What is the highest common factor of p and 56?
14
Let s = 0 + 17. Let t = s + 13. Suppose 64*k - 65*k = 3*g, -k = -4*g - 28. What is the greatest common factor of k and t?
6
Let l = 9 + 43. Suppose -3*i - 26*b + 21*b = -22, -5*i - 3*b = -26. What is the highest common divisor of i and l?
4
Let u be 390/(-20)*8/(-3). Suppose -144 = 2*n + 42. Let p = n + 171. What is the greatest common factor of p and u?
26
Let o(z) = z - 8. Let v be o(4). Let a be ((-6)/v)/(33/968). What is the highest common factor of a and 4?
4
Suppose 0 = -4*b - 34 + 14, 2*u - 45 = b. Calculate the greatest common divisor of 85 and u.
5
Suppose -66*y + 113*y = 26884. What is the greatest common divisor of 176 and y?
44
Suppose 4*t - 58 = 4*i - 6, 0 = -3*t - 2*i + 64. What is the highest common factor of t and 378?
18
Suppose 3*k - 12 - 8 = -2*b, 4*b - 4 = 3*k. Suppose -4*q + 61 = 3*p, 30 + 14 = b*p - 4*q. Calculate the greatest common divisor of 15 and p.
15
Let d be (-8)/(-6)*6/4. Let n(y) = -5*y - 2. Let j(f) = 15*f + 5. Let s(q) = 2*j(q) + 7*n(q). Let k be s(-2). Calculate the greatest common divisor of k and d.
2
Suppose 33*m - 12*m - 2268 = 0. Calculate the greatest common factor of m and 36.
36
Let s be (-2 - (-384)/180) + 9298/15. What is the greatest common factor of s and 20?
20
Suppose -3*k - 38*k = -738. Let x(l) = 28*l - 1. Let t be x(1). Calculate the greatest common factor of t and k.
9
Suppose 3*l + 16 = 7*l. Let a be 5/l*(8 + -4). Suppose -a*r + 135 = -365. What is the highest common factor of 40 and r?
20
Suppose -4*p + t = -4*t - 303, -6 = 2*t. Calculate the highest common factor of 18 and p.
18
Let b be ((1365/(-28))/13)/(3/(-16)). What is the greatest common factor of b and 85?
5
Suppose -2*l + 1 = -329. Suppose 59*c + 4*b = 62*c - 186, c - 69 = -b. What is the highest common factor of l and c?
33
Let y(b) = b**3 - 4*b**2 - 20*b + 56. Let x be y(10). Calculate the greatest common divisor of x and 6.
6
Suppose -21 = -4*d + 3*s - 5, 0 = -2*d - s + 8. Suppose 4*q + 3*a - 44 = 0, -d*q - a - 3 = -55. Calculate the highest common divisor of 42 and q.
14
Suppose -8*t + 17*t - 504 = 0. Let x be 28*1*(-3 + 8). What is the greatest common factor of t and x?
28
Suppose -2 = -k, 0 = -2*w + 3*w - k - 40. Let f be -166*11/(-198) - 2/9. Let g = w - f. What is the greatest common divisor of 11 and g?
11
Let g be 2/((-460)/(-90) + -5). What is the greatest common divisor of g and 102?
6
Suppose 4*f + 28 - 284 = 0. Let j(k) = -4*k**3 + 386*k**2 - 195*k + 304. Let p be j(96). What is the highest common factor of p and f?
16
Suppose -13474 = 7*z - 13523. Let h = 16 + -9. Calculate the highest common divisor of z and h.
7
Suppose -4*j + 32 = 4*a + 12, -5*j = -3*a + 31. Suppose -a*g = -6*g - 19. What is the highest common factor of g and 152?
19
Let b = 220 + -100. What is the highest common divisor of 90 and b?
30
Let q be (6*(-8)/(-6))/((-8)/(-12)). Suppose -q = -2*u - 6. What is the greatest common divisor of 33 and u?
3
Let r be (4/4 - -56) + (-15)/3. Calculate the highest common factor of r and 39.
13
Let n(g) = -g**3 + 9*g**2 + 3*g + 5. Let o be n(9). Let y(d) = -d**3 - 19*d**2 - 35*d - 82. Let t be y(-18). Calculate the greatest common factor of o and t.
32
Let j(p) = p**3 + 14*p**2 + 12*p - 12. Let c be j(-13). Let m be (-950)/(-2) + c - 3. What is the highest common factor of m and 43?
43
Suppose 3*j - 24 = -n + 5*j, 3*n - 78 = 4*j. Suppose y - 4 - 2 = 0. What is the greatest common factor of y and n?
6
Suppose 351 = c - 3*x, -5*c + 717 = -3*c - x. Suppose -2*h + c = 3*h. Suppose 5*k = -s + 10 + 25, k = -2*s - 2. What is the greatest common divisor of k and h?
8
Let k(j) = -j**3 - 16*j**2 + 25*j - 75. Let l be k(-18). What is the highest common factor of 205 and l?
41
Let p = 152 - 116. Calculate the greatest common factor of p and 18.
18
Suppose 29 = 3*u - 37. Let y = u + -19. What is the greatest common divisor of y and 6?
3
Let f be 6/(-1) - (-208 - 23). Calculate the highest common divisor of f and 25.
25
Let z be (96/40)/((-15)/(-250)). Calculate the highest common factor of z and 64.
8
Let g(s) = s**2 + 22*s + 23. Let t be g(-22). Calculate the greatest common factor of t and 115.
23
Suppose 192*v - 189*v = 516. Calculate the greatest common divisor of v and 43.
43
Let o = -2 - -16. Suppose -k - o = -38. Calculate the highest common divisor of 16 and k.
8
Suppose 3891 + 267 = 14*m. Calculate the greatest common divisor of 11 and m.
11
Suppose -11*d - 33*d = -176. Calculate the highest common divisor of 25 and d.
1
Let r = 15 - 10. Suppose 2*m = 4*z - 54, z - r*m + 105 = 6*z. Suppose -12*q = -z*q + 1012. Calculate the highest common divisor of 23 and q.
23
Suppose 0 = -4*i + 6 + 14. Let n be (-2)/(-6) + ((-9750)/(-9))/i. What is the greatest common factor of 31 and n?
31
Let f(b) = b**2 + 7*b + 2. Let j be f(-6). Let t(r) = -r**2 - 7*r + 3. Let z be t(j). Let q be 914/10 - 6/z. Calculate the highest common divisor of q and 13.
13
Suppose -n + 220 = 3*z, 3*z - 2*n = 81 + 127. Calculate the greatest common divisor of 4 and z.
4
Suppose -13*o = 3*o - 16. What is the highest common factor of 2 and o?
1
Let d(h) = -h**2 - 27*h - 118. Let j be d(-6). Calculate the highest common factor of j and 128.
8
Let j(g) = -g + 16. Let h be j(0). Let f(r) = 82*r - 354. Let y be f(5). Calculate the greatest common factor of y and h.
8
Suppose -10*q + 7 = -3*q. Let t = 6 + 2. What is the greatest common factor of q and t?
1
Let p = 9 - 0. Suppose -6*l + p*l = 18. What is the greatest common divisor of 54 and l?
6
Let t = -409 + 469. What is the highest common factor of t and 30?
30
Let t = 17 + 4. Let f be (-12)/27 + (-193)/(-9). What is the greatest common factor of t and f?
21
Let s = 111 + -76. Suppose 21*c - 350 = 11*c. Calculate the highest common divisor of s and c.
35
Let i = 52 + -16. Suppose 5*k + 5*w - 1 = 4, 2*w = 4*k - 10. Suppose l - 27 = -k*l. Calculate the highest common divisor of i and l.
9
Suppose -2*f - 5*m = -27, -3*f + 3*m + 67 = f. Suppose f*c - 341 = 75. What is the highest common divisor of 182 and c?
26
Suppose 0 = 4*g + u - 34 - 28, 5*u = 5*g - 65. Let p = 5 - 0. Suppose -p*w - l = -677, -3*w - 4*l + 395 = -9*l. What is the highest common factor of w and g?
15
Suppose 11*w = 12*w - 2. Let m be (0/3)/(-2)*-1. Suppose -3*l + w*l + 11 = m. What is the highest common factor of 1 and l?
1
Let a = 6 + -5. Suppose 2*w - 2*h + 14 = 0, 2*w + h + 6 = -h. Let c be 1/w*1*-5. Calculate the greatest common factor of c and a.
1
Suppose -1355 - 253 = -12*a. Suppose 4*h + 579 = 3*m + a, 0 = m - 5*h - 163. Calculate the greatest common factor of m and 13.
13
Suppose 4*v - 2*f = 5*v - 139, -5*v = -4*f - 653. Let i = v + -56. What is the greatest common divisor of i and 7?
7
Suppose 1 = -3*t + 22. Let i be 4/7 - (-432)/(-168). Let l be ((-63)/18)/(i/20). Calculate the highest common factor of t and l.
7
Let v be 12/78 + (-384)/(-39). Let c(j) = -j + 15. Let t be (-7 + 7)*1*-1. Let z be c(t). Calculate the highest common divisor of z and v.
5
Let h(d) = -8*d - 110. Let u be h(-19). What is the greatest common divisor of u and 63?
21
Let x be (-23)/(1/3*-3). Let z = -5 + x. Calculate the greatest common factor of z and 6.
6
Suppose 80 = 12*f - 16. What is the highest common divisor of f and 68?
4
Let g = 1595 - 1367. Calculate the highest common divisor of 285 and g.
57
Let d = -724 + 1662. Calculate the highest common factor of d and 14.
14
Let v = -2 - -6. Suppose 0 = c - 2*z - 7, -6*z - 2 = -c - 9*z. Suppose -c*t + 3*k = 7*k - 168, 3*k = 3*t - 117. Calculate the highest common factor of t and v.
4
Suppose 31*f + 8918 = 44*f. What is the highest common divisor of 294 and f?
98
Let t = 110 - 100. Calculate the greatest common divisor of t and 25.
5
Let r(x) = 9*x**2 + 13*x + 22. Let o(z) = -8*z**2 - 14*z - 21. Let g(k) = -7*o(k) - 6*r(k). Let w be g(-13). What is the grea